prime factors of l?
2
Let x = -20 + 35. Let i = x + -11. What are the prime factors of i?
2
Let d = 82 - -55. List the prime factors of d.
137
Suppose -6 - 8 = -2*z. What are the prime factors of z + -1 + 1 + -2?
5
Suppose 5*i = -0*i + 50. Suppose -2*k - 2*q = q + 1, -2*q - 26 = -5*k. Suppose 18 = k*h + 2*p - 2, -2*h + i = 3*p. What are the prime factors of h?
5
Suppose -132 = -5*i + b, -2*b - 11 = 3*i - 98. What are the prime factors of i?
3
What are the prime factors of (176/(-6))/((-13)/39)?
2, 11
List the prime factors of 61 + ((-8)/(-12) - 4/(-3)).
3, 7
Suppose 0 = 2*x - 0*x. Let t = -12 + 14. Suppose x = -5*p + t*w + 56 - 13, 5*w = -p - 13. What are the prime factors of p?
7
Let z(q) = -2*q + 0*q**2 + 2 + 4*q**2 - 2*q**2 + 7*q. What are the prime factors of z(-4)?
2, 7
Let y(d) = d**2 + 0*d**2 + 2*d**2 - 4*d**2 + 3 + 6*d. What are the prime factors of y(6)?
3
Let i(w) = -w**3 - 2*w**2 + 3*w. Let l be i(-3). Let a be (0 - l)*5/(-10). Suppose 3*o + a*o = 18. List the prime factors of o.
2, 3
Let w(r) = 4*r**2 + 4*r - 3. Let x be w(2). Suppose x - 48 = -3*l. Suppose -n - 2*n + l = 0. List the prime factors of n.
3
Let i(b) = b**3 + 3*b**2 - 5*b + 2. Let v be i(-4). Suppose v*g - 2*g - 36 = 2*o, -4*g = 5*o - 36. List the prime factors of g.
3
Suppose a + 5*x + 15 = -a, -x - 3 = -4*a. Suppose 3 = 2*m - f, a = m - 6*m - 2*f + 21. Suppose 3 = m*s - 9. What are the prime factors of s?
2
Let n(f) = 2*f**2 + 3*f - 4. Let c be n(-3). Suppose c*s + 22 + 8 = 0. List the prime factors of -3*4*s/9.
2
Let s(j) = j**3 - 2*j**2 - 11*j + 7. List the prime factors of s(5).
3
Let d be (-4)/14 - 744/(-56). Let z(g) = 2*g**2 + 2*g - 2. Let k be z(-2). Let p = d - k. List the prime factors of p.
11
Let u = 22 + 78. List the prime factors of u.
2, 5
Let i(q) = q**2 + 2*q - 1. Let a be i(4). Suppose -n = -3*t + a, 5*n - 4 = 2*t - 41. Suppose x = 3*x - t. What are the prime factors of x?
3
Let q be 3/(-9) + 21/9. Suppose -2*r = -4*z + 74, q*z + 2*z + 5*r = 95. List the prime factors of z.
2, 5
Let m(z) = z - 5. Let y be 4/14 - (-235)/35. What are the prime factors of m(y)?
2
List the prime factors of (-25 - -13)*-1*1.
2, 3
Suppose -t + 4*u - 15 - 3 = 0, -4*u + 28 = 4*t. Suppose -2*v + 75 = t*v + x, -5*v = 4*x - 102. List the prime factors of v.
2, 3
Let x be (-26)/(-6) + 2/3. Suppose 4*v - v = 2*q, -4*q = x*v - 22. What are the prime factors of 99/(-6)*(-2)/q?
11
Suppose 5 = -m + 8. Suppose f - 48 = -m*f - 5*h, 2*f = -4*h + 18. List the prime factors of f.
17
Let k(x) = -7 - 7*x**2 + 4 + 6*x**2 - 12*x. List the prime factors of k(-8).
29
Let s(a) be the first derivative of 1/2*a**2 + 4 + 13*a. List the prime factors of s(-9).
2
Suppose 3*h + 30 = b, -2*b + 17 = h - 15. List the prime factors of b.
2, 3
Let g = 0 + -2. List the prime factors of 1/(g/(-4) - 0).
2
Let x(l) = 8*l**3 - l**2 + 1. Let t(j) = j + 1. Let u be t(0). List the prime factors of x(u).
2
Suppose 0*g = -2*g. Let l = -2 + 1. List the prime factors of 7 + (g - -2) - l.
2, 5
Suppose 5*q - 5 = 5. Suppose -13 + 39 = q*w. What are the prime factors of w?
13
Let u(l) = l**3 - 4*l**2 + 3*l + 4. Let q be u(3). Suppose -n + q*n = 36. Let m = n + -8. What are the prime factors of m?
2
Let k be (3 - -3 - 3) + 2. Let s be (-7)/(-3) + (-4)/12. Suppose -s*a + k = -a. What are the prime factors of a?
5
Let k(n) = -3*n - 2. Let f be k(2). What are the prime factors of (-3)/(-2)*f/(-6)?
2
Let w = 0 + 2. Suppose 5*n = 3*p - 12, -w*n = 3*n. List the prime factors of p.
2
Let a = 472 + -224. List the prime factors of a.
2, 31
Let a(s) = -s**3 + 5*s**2 + 3. Let v = 7 - 2. What are the prime factors of a(v)?
3
Let j be -3*4/(-18)*-3. Let z = j + 0. Let o = z + 13. List the prime factors of o.
11
Let h = -167 - -372. List the prime factors of h.
5, 41
Let h(k) = 5*k. Let g be h(-1). Let m(z) be the second derivative of -z**5/20 - z**4/3 + z**3/3 - 5*z**2/2 - 5*z. List the prime factors of m(g).
2, 5
Let i = -1 - -4. What are the prime factors of (2 + 2)*i + -1?
11
Suppose -3*q - 1 = -2*x, 2*x - 5*x = -15. What are the prime factors of q?
3
Let a = -44 + 4. Let v = a + 56. List the prime factors of v.
2
Let t(o) = o**3 + 3*o**2 + 3. Let c be t(-5). Let r = c - -72. List the prime factors of r.
5
List the prime factors of 91/28*(13 + -1).
3, 13
Let x = 256 + -63. List the prime factors of x.
193
Suppose 2*a + 26 = -14. Let k = 31 + a. List the prime factors of k.
11
Let p = -4 - -9. Suppose 3*s + p*l - 57 = 0, 3*s - l - 39 = -0*l. What are the prime factors of s?
2, 7
Suppose 9*o = 4*o + 105. What are the prime factors of o?
3, 7
Suppose -10 = -5*h + 5, -4*d + h = -73. What are the prime factors of d?
19
Let m(r) = r**3 + r + 10. What are the prime factors of m(0)?
2, 5
Suppose -42 = -2*p + 2*k - 3*k, k = -3*p + 62. Let i = 45 - p. Suppose -2*w = 5*s - 55, -4*w + 5*s + 40 + i = 0. What are the prime factors of w?
2, 5
Let c = 77 + -29. What are the prime factors of c?
2, 3
Let x = 20 - 29. Let r be (15/x + 1)*-6. Suppose -18 = -3*i - r*d, -3 - 3 = -i + 3*d. List the prime factors of i.
2, 3
Let m(s) = -s**3 - s**3 + 3*s**3 + 2 + 5*s**2 - 2*s + 0. What are the prime factors of m(-5)?
2, 3
Suppose 0 = 9*l - 12*l + 66. List the prime factors of l.
2, 11
Let o(w) = -w**3 - 3*w**2 - 2*w + 20. List the prime factors of o(-8).
2, 89
Let x = -5 + 0. Let r = 4 + x. What are the prime factors of 21/6*(-2)/r?
7
Let k = -109 - -255. List the prime factors of k.
2, 73
Let x = -8 + 44. Suppose -2*g = 4*h - x, 2*g + 0 = -h + 6. List the prime factors of h.
2, 5
Let g be (-2)/8 - (-15)/12. Let a be 8/(-4) + 9*g. Let t = a + 1. List the prime factors of t.
2
Let h(x) = x + 16. Let a be h(-7). Let k(f) be the third derivative of f**4/24 - f**3/3 - 5*f**2. What are the prime factors of k(a)?
7
Let k be (-5 - -8)*(-2)/(-3). Suppose 0 = o - k*o. Suppose o = -v - v + 20. List the prime factors of v.
2, 5
Suppose 0 = -c - 0*c + 6. Suppose -5*s + 19 = -c. Suppose -s*a - 8 = -3*w, 14 = 4*w - 5*a - 0. What are the prime factors of w?
2, 3
Let p = 291 + -151. List the prime factors of p.
2, 5, 7
Suppose 6 = -p + g, -3*g + 2*g - 9 = 4*p. Let t = p + 4. List the prime factors of 1*(4 + 0)*t.
2
What are the prime factors of (-13)/(5/(-35) + 0)?
7, 13
Let j = 3 + -8. Let k = j - -9. List the prime factors of k.
2
Suppose 0 = -j + 5*j - c - 140, c = -5*j + 175. List the prime factors of j.
5, 7
Suppose l - 5 = -2*l + 2*f, 0 = -l + 3*f + 4. List the prime factors of (35 - 8) + (l - 2).
2, 13
Let q = 41 + -11. What are the prime factors of (q/4)/5*12?
2, 3
Suppose -g - x - x = 9, -2*g + 2*x = -12. Let h be 10/4*(-8)/10. What are the prime factors of 3*-1*h/g?
2, 3
List the prime factors of 490/30 + (-2)/(-3).
17
Suppose 66 = 4*v + 5*u, 0 = 4*v - 4*u + u - 82. Let o = v - 8. What are the prime factors of o?
11
Let g(v) = 17*v + 8. List the prime factors of g(7).
127
Let b = -16 - -21. Suppose -3*d + 3 = 0, -47 = -3*a - b*d - 0*d. List the prime factors of a.
2, 7
Let d be -1*(1 + 0 + -2). Let m be (9 + -41)*d/2. Let y = m + 31. List the prime factors of y.
3, 5
Let i = 62 - 36. List the prime factors of i.
2, 13
Let l(v) be the second derivative of -5*v**3/6 + 7*v**2/2 + 4*v. List the prime factors of l(-3).
2, 11
Suppose 5*r - 4*g + 30 = 0, 9 + 1 = -2*r + 2*g. Suppose 2*h - h = -5*u - 34, 2*u + 3*h = -24. Let j = u - r. List the prime factors of j.
2
Let x be (10 - 2)*(1 - 3). Let i be (-324)/(-15) - (-6)/15. Let k = x + i. What are the prime factors of k?
2, 3
Let d = -16 + 35. List the prime factors of d.
19
Suppose 6*y + 2*t - 166 = 2*y, -y = 5*t - 28. List the prime factors of y.
43
Let i(a) = -544*a + 2. Let j be i(2). Let c be 1/(-3) + j/(-18). Suppose 0 = 5*x + 3*t - 52, -c = -5*x - 6*t + t. List the prime factors of x.
2
Let l(k) = k**2 + 2*k - 3. Let u be l(2). Let o(c) = c - 5. Let b be o(5). Suppose 0*j + u*x = 3*j - 26, b = 3*x - 6. List the prime factors of j.
2, 3
Let o = 19 + -12. Suppose -o = -c - 2. Suppose -c*d + 46 = -24. What are the prime factors of d?
2, 7
Let j(n) be the third derivative of -53*n**6/120 + n**5/20 + n**4/6 + n**3/3 - n**2. Let q be j(-2). What are the prime factors of (-4)/14 + q/35?
2, 3
Suppose -3*l - 5*h = -0*l - 42, 0 = 3*l - 2*h - 42. Let c = 23 - l. List the prime factors of c.
3
Let j = 9 - 5. Suppose -j*